nder when b is divided by 32.
21
Calculate the remainder when (4 + (0 - 3))*19 is divided by -2 + 0 - (-12 - 0).
9
Suppose -v - 2*v + 9 = 0, 3*f - 5*v = 21. Let p = -7 + f. Calculate the remainder when 17 is divided by p.
2
Suppose 158 = 7*k + 25. Suppose -21*s + k*s + 50 = 0. What is the remainder when 99 is divided by s?
24
Suppose 5*s - 235 = -2*o + 5*o, 3*o = -3*s + 165. Suppose 0 = -3*n + 5*n - s. What is the remainder when n is divided by 13?
12
Suppose k = -0*k + 2. Let l be k + -1 + 2/(-2). Suppose l*q - 40 = -5*q. Calculate the remainder when 21 is divided by q.
5
Let p(i) = 2*i**2 - 9*i + 17. Let q be 8 - (-2)/3*-3. Calculate the remainder when p(5) is divided by (-164)/(-14) + q/21.
10
Suppose -9 - 39 = -3*m. Calculate the remainder when 30 is divided by m.
14
Suppose s + 2*t = -s + 50, 5*t = -4*s + 102. Calculate the remainder when 91 is divided by s.
22
Suppose 0 = -5*i - 5 + 10. Calculate the remainder when 2 is divided by i.
0
Suppose 0 = -4*z - 3*z + 112. What is the remainder when 94 is divided by z?
14
Let a = -2 - -32. Calculate the remainder when a is divided by 16.
14
Suppose 5*l - 7 - 58 = 0. Let f be 2/(-5) - (-18)/(-5). Let c = l + f. What is the remainder when 35 is divided by c?
8
Let i = 2 + 8. Calculate the remainder when (-14)/(-1*(-4)/(-16)*2) is divided by i.
8
Let a = 86 + -61. Suppose -2*z + 16 = 3*u - 2*u, -3*u - 51 = -5*z. What is the remainder when a is divided by z?
7
Let s(u) = -2*u + 1. Let x be s(-1). Suppose x - 7 = -b. Calculate the remainder when 5 is divided by b.
1
What is the remainder when (-18)/12*(-52)/3 is divided by 7?
5
Suppose 0 = -4*t + 5*m + 111, 5*t = 4*m + 49 + 83. Suppose -2*d = d - t. What is the remainder when d is divided by 3?
2
Suppose -t = 3*t - 16. Let m = -6 + t. Let g = m - -8. What is the remainder when 11 is divided by g?
5
Suppose -4*k + 173 = z + 2*z, 0 = -5*k + z + 202. Calculate the remainder when k is divided by 17.
7
Suppose -s = -b - 15, 3*b = -4*s + 60 + 28. Calculate the remainder when 49 is divided by s.
11
Let p be ((-2)/(-4))/(2/28). Suppose 57 = w - p. Calculate the remainder when w is divided by 22.
20
What is the remainder when 75 is divided by 0 - -34 - (12/(-4) + -1)?
37
Let n(s) = -5*s - 5*s**2 + s**2 + 3*s**2 + 2. Let d be n(-5). What is the remainder when 34 is divided by (-9)/12*(-32)/d?
10
Suppose 4*x = 11*x - 1001. Calculate the remainder when x is divided by 29.
27
Let k(l) = 3*l - 24. Calculate the remainder when 25 is divided by k(11).
7
Calculate the remainder when (-1)/(520/524 + -1) is divided by 45.
41
Let d = -13 - -18. Let p(n) = n**3 + 9. Calculate the remainder when p(0) is divided by d.
4
What is the remainder when (-5)/(-30) - 1023/(-18) is divided by 10?
7
Let u(j) = 4*j. Suppose -3*c = -d, -2*c + 2*d - 5 = 3*d. Let p = c + 7. What is the remainder when u(4) is divided by p?
4
Let t(m) = 2*m**3 - 2*m**2 - m + 2. Calculate the remainder when 29 is divided by t(2).
5
Calculate the remainder when 138 is divided by ((-140)/(-50))/((-1)/(-5)).
12
Let m be (-2)/((-1)/((-14)/4)). Let y = -4 - m. What is the remainder when 8 is divided by y?
2
Suppose 17 = o + 2*o - f, -5*o + 27 = -f. Suppose -b - o = -32. Calculate the remainder when 52 is divided by b.
25
Suppose -35 = -w - 31. Let q = 29 - 18. What is the remainder when q is divided by w?
3
Let q be (-1 + -57)/(-3 + 2). Suppose 2*p - q = v, 2*p + 3*v = -p + 105. Suppose 0 = 4*s + 21 - 65. Calculate the remainder when p is divided by s.
9
Suppose -6 = -2*k - 2*i + 2, -3*k = -4*i - 5. Suppose -k*d - 2*f = 2*f - 13, 0 = -2*d + 4*f + 2. What is the remainder when 4 is divided by d?
1
Let h(j) be the third derivative of j**5/60 + j**4/4 - 11*j**3/6 - 4*j**2. Let c = 6 + -3. What is the remainder when h(-8) is divided by c?
2
Let u = 144 - 41. What is the remainder when u is divided by 26?
25
Suppose -78 = -72*k + 70*k. What is the remainder when k is divided by 8?
7
Suppose 0 = -2*z + 1 + 27. What is the remainder when 40 is divided by z?
12
Let f(d) = -d**2 - 13*d - 8. Let t = 11 - 20. Calculate the remainder when f(t) is divided by 6.
4
Let x = 0 - -5. Let m(b) = -b**3 + 4*b**2 + 5*b + 2. Calculate the remainder when 4 is divided by m(x).
0
Suppose 4*m - 3*q = 1, 0 = -4*m + 3*m + q - 1. Suppose -m*g = 2*r + 2, -g - 3 = r + 3*g. What is the remainder when r is divided by 1?
0
Calculate the remainder when 23 is divided by ((-9)/(-9))/(2/6).
2
Suppose 65 = -9*u + 344. What is the remainder when 59 is divided by u?
28
Let a = -29 - -48. Suppose -5*t = -4*t - 54. What is the remainder when t is divided by a?
16
Let l(s) = -2*s**3 + s**2 - s - 1. What is the remainder when 60 is divided by l(-2)?
18
Suppose 0 = -5*x - 0*x. What is the remainder when 3 + x - 28/(-2) is divided by 9?
8
Let s(g) = -g**2 + 8*g + 7. Let v = 5 - 29. Calculate the remainder when s(8) is divided by (v/(-40))/((-2)/(-10)).
1
Suppose -j + 37 = -0*j. Suppose -5*k - j = -4*w - 12, 0 = -w + 2*k + 4. Calculate the remainder when 28 is divided by w.
8
Suppose -2*l + 5*m + 7 = 22, -5*l - 5*m = -15. Suppose 2*b + l*b + 6 = 0. What is the remainder when (-3 - -2)/(b/39) is divided by 7?
6
Let p(b) = -82*b + 4. Let w be p(-4). Suppose -2*x - 3*r + w = 2*x, x + 4*r - 83 = 0. Calculate the remainder when x is divided by 21.
20
Let o = 140 - 67. Suppose 144 = 2*b + b. Let z = o - b. Calculate the remainder when z is divided by 13.
12
Suppose d + 10 = -0*z + 2*z, -5*z - 3*d + 14 = 0. Suppose 0*u - z = -u. Suppose u*a = 24 + 24. Calculate the remainder when 35 is divided by a.
11
Suppose -4*h + 0*h + 4*j + 132 = 0, -5*j - 41 = -h. Calculate the remainder when h is divided by 11.
9
Suppose 0 = -5*n + n - 8. Calculate the remainder when 5 is divided by (-9)/6*n - 0.
2
Suppose 18 = 4*x + 3*h, 2*x + 2*h + 6 = 14. What is the remainder when 20 is divided by x?
2
Let z(r) = 4*r - 2. Let k be z(3). Let l(f) = -f**3 + 2*f - 1. Let w be l(1). What is the remainder when 21 is divided by 0 + (k - (w + -1))?
10
Let c(u) = u**2 + 15*u - 7. What is the remainder when c(-18) is divided by 25?
22
Suppose -3*f - 25 = 2*f, -2*m + 65 = -f. Let x(n) = -n**3 + 6*n**2 + 8*n + 9. Calculate the remainder when m is divided by x(7).
14
Suppose -11 = -4*w - x, 0*x = -5*w + 2*x + 17. What is the remainder when 9 is divided by w?
0
Let g(j) = -106*j + 4. Let v be g(-5). Let q be v/10 - 9/(-15). Suppose -3*l - 5*i = -q, -3*l + 54 = -0*i + i. What is the remainder when l is divided by 10?
8
Suppose 15*k + 87 = 1197. What is the remainder when k is divided by 38?
36
Let u = -18 - -11. Let a = 8 - u. Let f = 34 - -9. Calculate the remainder when f is divided by a.
13
Let r(s) = -s + 0 - 6 + 2 + 0. What is the remainder when 14 is divided by r(-8)?
2
Let z(b) = -b + 7. Let a be z(-3). Let n = -1 + a. What is the remainder when n is divided by 4?
1
Let n(g) = -5*g**3 - 1. Let a be n(1). Let c = 4 + a. What is the remainder when 14 is divided by 1/c + 66/12?
4
Suppose -5*i = 26 - 11. What is the remainder when 37 is divided by (i/9)/(2/(-78))?
11
Let s = 39 + -21. Calculate the remainder when 87 is divided by s.
15
Let v(s) = 2*s - 2. Suppose 1 = 5*u + n, u + 17 = -2*u - 5*n. Let m = u - -5. Calculate the remainder when m is divided by v(3).
2
Let b(y) = y**3 + y**2 + y + 13. Let j be b(0). Suppose -5*i = -3*q + j, i + 0*i + 2 = 0. Let g = q - -15. Calculate the remainder when 47 is divided by g.
15
Suppose -19*j - 75 = -24*j. Suppose -5*x + 48 = -y, -19 + 49 = 3*x - y. What is the remainder when j is divided by 3*-1*(-24)/x?
7
Suppose 15 = 5*c - 5*s, 0*c + s + 9 = 4*c. Suppose c*i - 90 = -3*i. Suppose -2*t + i = -18. What is the remainder when 35 is divided by t?
17
Let f = -38 + 74. Suppose 0 = -2*k + f + 20. Calculate the remainder when k is divided by (-7 + 8)/(1/15).
13
Let f(a) = a**3 + 3*a**2 - 2*a - 3. Let h be f(-3). Let l = 2 + h. Calculate the remainder when 17 is divided by l.
2
What is the remainder when 149 is divided by 15/(-2)*374/(-55)?
47
Let h(c) = -2*c + 5 + 2*c - c - c. What is the remainder when h(-6) is divided by 6?
5
Let m = 58 - -21. Calculate the remainder when m is divided by (4/(-6))/(1/(-30)).
19
Suppose -5*t - 82 = -q, 83 - 363 = -4*q + 4*t. Suppose 2 + 13 = 3*z. Suppose 287 - q = z*h. What is the remainder when h is divided by 15?
14
Let p = 